et j be v(9). What is the greatest common factor of s and j?
16
Suppose -3*t - 2*g + 1594 = 0, -5*t + 6*g = -275 - 2335. Calculate the greatest common divisor of 192 and t.
48
Let z(u) = u**3 - 33*u**2 + 3*u + 195. Let j be z(33). Let i be 3/(-18) + 506/12. Calculate the greatest common factor of j and i.
42
Suppose -4*s + 51 = -5*l, 2*l = -5*s + l + 42. Suppose s*j = 12*j - 90. What is the greatest common factor of j and 75?
15
Let f = 327 + -192. Let c be (-26)/169 - 1441/13. Let i = -96 - c. Calculate the greatest common factor of i and f.
15
Suppose 686 = 7*c - 14*c. Let s = -70 - c. Suppose 5*i = 3*r - 8, -2*i + s = -2*r + 6*r. Calculate the highest common factor of r and 66.
6
Let v(j) be the third derivative of -j**4/8 + 11*j**3/3 - 69*j**2. Let k be v(-14). What is the highest common divisor of 480 and k?
32
Let z(a) = a**3 - 19*a**2 + 8*a - 6. Let f be z(21). Suppose -5*w + 176 = c, -16*w + 18*w = 2*c + 80. What is the highest common factor of w and f?
36
Suppose 0 = -188*j + 302*j - 58140. What is the highest common divisor of j and 4930?
170
Suppose -3*v - 5*h + 0*h = -49, -24 = -2*v + h. Let w be 1 + 6 - (2 - 1). Let f be 2/(4/w + (v - 13)). What is the greatest common factor of 15 and f?
3
Let l be ((-243)/1053)/((-1)/7674) + (-1)/(-13). Calculate the greatest common divisor of l and 847.
77
Let i = 397 + -28. Let f be i - -6 - -1 - 1. Calculate the highest common factor of 5 and f.
5
Let d be (33 - (13 + 1)) + 17. Suppose y - 7 - 9 = 0. Let u be 10/4*y/10. What is the greatest common factor of d and u?
4
Let w be (-105)/(-35) + (955 - 6/(-2)). What is the greatest common factor of w and 31?
31
Let a be 6/15 - 16/(-10). Let u be 156/a - (-3 - -5). Suppose 5*i = 3*w + 80, i - 4 = -37*w + 40*w. What is the highest common factor of u and i?
19
Let q(u) = 30*u**2 - 4*u - 1. Let g be q(2). Let k(z) = z**2 + z - 17. Let h be k(-5). What is the greatest common divisor of g and h?
3
Suppose 6*i + 17 = 167. Suppose -i*k + 4 = -23*k. Suppose k*a - 42 = -5*a. What is the greatest common divisor of 54 and a?
6
Let r = -167 - -167. Suppose 25*z - 24*z - 506 = r. What is the greatest common factor of 46 and z?
46
Let x be (47/3)/(6/144*-4). Let n = 105 + x. What is the highest common factor of n and 33?
11
Suppose -21*r = 38 - 38. Suppose r = -3*u + 4*w + 1095, 2*u + 136 = 2*w + 864. What is the highest common divisor of 19 and u?
19
Let a(o) be the second derivative of -19*o - 1/2*o**2 + 0 - 1/2*o**4 - 1/2*o**3 - 1/20*o**5. Let n be a(-6). What is the greatest common divisor of n and 17?
17
Suppose 538*j + 27164 = 87420. Suppose 3*m = 7*m - 112. Calculate the highest common divisor of j and m.
28
Suppose -3*c + 21 = b, 29*b - 33*b = -6*c + 6. Calculate the highest common divisor of 14485 and c.
5
Suppose -3*a = -3*j + 3, 2*j - 2 = -4*a - 0. Let m be 2 - a - (32 + -60). Calculate the greatest common divisor of 70 and m.
10
Let h(u) = u**2 + 34*u - 13. Let q = 611 + -646. Let l be h(q). What is the greatest common factor of 704 and l?
22
Suppose 6*g + 411 = 9*g. Let m = -107 + g. What is the highest common divisor of m and 50?
10
Suppose 2*m + 6*x - 16 = 10*x, -m = -3*x - 11. Calculate the highest common factor of 942 and m.
2
Suppose -6*u - 873 = -26*u - 833. What is the greatest common divisor of u and 533?
1
Let g(d) = -13*d + 3. Let u be g(4). Let v = 92 + u. Let x(w) = -6*w**2 - 326*w - 547. Let h be x(-51). Calculate the greatest common divisor of v and h.
43
Let b = -8861 - -12917. Calculate the greatest common divisor of 24 and b.
24
Let z(i) = 101*i**2 + 65*i + 12. Let g be z(-3). Calculate the highest common factor of 154 and g.
22
Let n = -21 + 50. Let q be ((-6670)/805)/(80/28 + -3). What is the highest common factor of q and n?
29
Let i(d) = d**2 - 3*d - 2. Let x be i(-2). Let c(a) = 13*a - 4*a**2 + 25 - 11 + 3*a**2. Let v be c(x). What is the highest common factor of 6 and v?
6
Suppose -15*z + 41 = 11. Let c be (7/(-21))/(z/(-3690)). Calculate the highest common divisor of 41 and c.
41
Let a = -118 + 172. Suppose r = 6*r - 3*c - 102, 58 = 3*r - c. Calculate the greatest common divisor of a and r.
18
Suppose -843*z + 801*z + 3234 = 0. What is the greatest common divisor of z and 1393?
7
Suppose 4*s = 3*h - 912, 2*h - 3*s - 364 = 244. Calculate the highest common divisor of h and 323.
19
Let a be 628/(-3)*15/(-10) - -5. What is the greatest common factor of 11 and a?
11
Suppose 3*o - 6 = 0, -5*j + 1046 = -4*j + o. Calculate the greatest common factor of j and 2552.
116
Let m be 1450/80 - (-5)/(-40). Suppose 5*b - d = 2, -b - 5*d = -m + 2. Suppose -2*c + 5*c = 12. Calculate the greatest common factor of c and b.
1
Suppose -100*t + 229*t - 98*t - 97588 = 0. What is the highest common divisor of 4 and t?
4
Let q(l) = 8*l**3 - 6*l**2 - 27*l + 47. Let s be q(2). Calculate the greatest common divisor of 2112 and s.
33
Suppose -5*c = 58*l - 56*l - 554, -4*l = 3*c - 352. Let z = 8 - 7. Let w be z/4 + (-94)/(-8). Calculate the greatest common divisor of c and w.
12
Let z be 1 + 14 - (-16)/4. Suppose -z = w - 28. Let u be (-3 + w + -3)/((-6)/(-20)). Calculate the greatest common factor of u and 110.
10
Suppose -1 = -9*y + 13 + 4. Let f(t) = -t**3 + 4*t**2 + 2*t - 2. Let p be f(-2). What is the greatest common factor of p and y?
2
Let j(b) = -2226*b - 109. Let c be j(-1). Calculate the greatest common factor of c and 29.
29
Suppose -g + 339 = -499. Let m = g + -818. Calculate the highest common factor of m and 15.
5
Suppose -103*f + 10*f - 506 = -6551. Calculate the greatest common divisor of f and 7345.
65
Let z be 3 + (-3)/((7 + -3)/4). Suppose z = -12*g - 28*g + 640. Let n be 0 + (1 - 11*-1). What is the greatest common factor of n and g?
4
Let u(w) = -3471*w - 1504. Let s be u(-22). Calculate the highest common factor of s and 14.
14
Suppose -3*h = -2*g + 50, 0*h - g = 3*h + 47. Let r be (17/(-2))/(8/h). Let o be 268/8 + (3/6 - 0). Calculate the highest common divisor of o and r.
17
Suppose -4*t + 102 = 3*b, -2*t - 59*b + 36 = -55*b. Let j be (25/2)/(4/24). What is the highest common factor of j and t?
15
Let t = 305 + -229. Let g be t + 7*28/49. What is the highest common factor of 56 and g?
8
Let i be 6/(-8)*(5 - (-72)/(-8)). Suppose p + 69 = 4*p + 5*x, 5*x + 39 = i*p. Calculate the highest common factor of p and 45.
9
Suppose -3 = -3*v - 2*v - 4*j, -j = -2. Let c be (v + -3)*(-2 + 1). Suppose -126 + 31 = -3*h - 2*q, 0 = 2*q + c. What is the highest common factor of 11 and h?
11
Let v(w) = -27*w**2 - 2084*w - 242. Let q be v(-76). Calculate the greatest common divisor of 657 and q.
219
Let y = -9774 + 12078. Calculate the highest common divisor of y and 108.
36
Let z = 1408 + -1390. Let l = -2 - -12. Let t = l + -1. What is the greatest common divisor of t and z?
9
Let n(c) be the first derivative of 29*c**2/2 - 48*c + 252. Let a be n(2). Let k be 3/(-12) + (-18)/(-8). Calculate the greatest common factor of k and a.
2
Let z(y) = -y**3 - 5*y**2 - 15*y - 13. Let r be z(-6). Suppose r - 1163 = -5*i. Calculate the highest common factor of i and 60.
30
Let x = 20 + -10. Let r be 2*(15/6 - -1). Suppose -r*n - n + 120 = 0. What is the greatest common divisor of x and n?
5
Let g be ((-288)/216)/((-6)/9). What is the highest common factor of g and 1774?
2
Suppose -k - 20 = -130. Suppose -l + 6 = -5*b, 3*b = 2*l + 8 - 20. Suppose -3*g - k + 122 = b. What is the greatest common factor of 12 and g?
4
Let v be ((-86)/(-4))/((-9)/(-18)). Let j be (v - 1)/(111/1184). What is the greatest common factor of 14 and j?
14
Suppose 626 + 1090 = 22*i. Let m = i - 72. Calculate the highest common factor of 78 and m.
6
Suppose -3*n = -0*n - 675. Let h = -222 + n. What is the greatest common factor of 66 and h?
3
Let f = -10459 - -10510. Calculate the greatest common divisor of 187 and f.
17
Suppose -5*l = -5*i - 670, -3*i - 12 + 15 = 0. Calculate the greatest common divisor of l and 189.
27
Let c = -96 - -169. Suppose -10*d - 57 - c = 0. Let g(x) = -2*x - 23. Let o be g(d). What is the highest common divisor of 12 and o?
3
Suppose -3*u + 301 = -5. Let a(c) = c**2 - 29*c - 486. Let j be a(41). What is the greatest common divisor of u and j?
6
Let v = 5934 + -5654. What is the greatest common divisor of v and 1080?
40
Let a(k) = -k**2 - 2. Let f(w) = -16*w**2